4 and 18.
18
Calculate the greatest common divisor of 258 and 215.
43
What is the greatest common factor of 112 and 280?
56
What is the greatest common divisor of 203 and 5336?
29
What is the highest common divisor of 636 and 901?
53
Calculate the highest common divisor of 63 and 909.
9
What is the greatest common divisor of 1200 and 24?
24
What is the highest common factor of 20 and 500?
20
What is the highest common divisor of 154 and 28?
14
Calculate the highest common factor of 28 and 1.
1
What is the greatest common divisor of 625 and 2125?
125
Calculate the greatest common divisor of 5038 and 110.
22
What is the greatest common factor of 343 and 161?
7
Calculate the highest common divisor of 483 and 42.
21
What is the greatest common factor of 135 and 81?
27
Calculate the highest common divisor of 66 and 474.
6
Calculate the greatest common factor of 2466 and 72.
18
Calculate the highest common factor of 22 and 803.
11
Calculate the greatest common factor of 248 and 12.
4
Calculate the highest common factor of 2301 and 1062.
177
What is the highest common divisor of 20 and 620?
20
What is the highest common divisor of 27 and 1719?
9
What is the greatest common divisor of 514 and 2?
2
What is the highest common divisor of 60 and 412?
4
What is the greatest common divisor of 25 and 6?
1
Calculate the highest common divisor of 1526 and 287.
7
Calculate the greatest common divisor of 7 and 4438.
7
Calculate the greatest common factor of 2220 and 60.
60
What is the greatest common factor of 987 and 756?
21
What is the highest common factor of 203 and 1885?
29
Calculate the greatest common factor of 80 and 1264.
16
What is the highest common divisor of 10 and 130440?
10
Calculate the highest common divisor of 376 and 3478.
94
What is the greatest common divisor of 9801 and 2904?
363
Calculate the highest common divisor of 3010 and 980.
70
Calculate the greatest common divisor of 36 and 63.
9
Calculate the highest common factor of 6168 and 24.
24
What is the greatest common divisor of 884 and 52?
52
Calculate the highest common factor of 46 and 17273.
23
Calculate the greatest common divisor of 873 and 485.
97
Calculate the highest common divisor of 396 and 576.
36
What is the highest common factor of 124 and 279?
31
What is the greatest common factor of 522 and 870?
174
Calculate the highest common factor of 52 and 21788.
52
What is the greatest common factor of 765 and 85?
85
Calculate the greatest common factor of 123 and 2091.
123
What is the greatest common divisor of 1271 and 93?
31
What is the greatest common divisor of 675 and 1080?
135
What is the highest common factor of 420 and 360?
60
Calculate the greatest common divisor of 16 and 1640.
8
What is the greatest common divisor of 1311 and 228?
57
Calculate the greatest common divisor of 86 and 645.
43
Calculate the greatest common factor of 464 and 8.
8
What is the highest common factor of 9452 and 204?
68
Calculate the greatest common divisor of 13673 and 121.
121
What is the greatest common factor of 2 and 4594?
2
Calculate the greatest common factor of 280 and 85.
5
What is the greatest common factor of 286 and 14443?
143
What is the greatest common divisor of 135 and 1035?
45
What is the highest common factor of 737 and 33?
11
What is the highest common divisor of 97 and 2328?
97
What is the highest common factor of 297 and 561?
33
What is the highest common factor of 14 and 805?
7
Calculate the highest common divisor of 1352 and 8.
8
What is the highest common divisor of 60 and 75?
15
What is the highest common factor of 77 and 187?
11
What is the greatest common divisor of 89 and 34621?
89
What is the greatest common factor of 26 and 2?
2
What is the highest common divisor of 649 and 885?
59
What is the greatest common factor of 124 and 62?
62
Calculate the highest common factor of 18585 and 75.
15
Calculate the highest common factor of 21 and 5026.
7
Calculate the highest common factor of 374 and 68.
34
What is the greatest common divisor of 69 and 736?
23
Calculate the highest common divisor of 1 and 13.
1
Calculate the highest common factor of 28 and 441.
7
Calculate the greatest common factor of 99 and 4884.
33
What is the greatest common factor of 1632 and 1248?
96
Calculate the greatest common factor of 1591 and 86.
43
Calculate the greatest common divisor of 16 and 1024.
16
What is the highest common factor of 11365 and 15?
5
What is the highest common factor of 72 and 468?
36
What is the greatest common factor of 160 and 2190?
10
Calculate the greatest common divisor of 371 and 212.
53
What is the highest common factor of 288 and 128?
32
Calculate the highest common divisor of 742 and 14.
14
Calculate the greatest common divisor of 3542 and 616.
154
What is the highest common factor of 38 and 61218?
38
What is the greatest common factor of 150 and 4500?
150
Calculate the highest common factor of 3132 and 36.
36
Calculate the highest common factor of 24 and 960.
24
Calculate the greatest common divisor of 660 and 6420.
60
What is the highest common factor of 1219 and 391?
23
Calculate the greatest common factor of 899 and 31.
31
What is the greatest common factor of 111 and 111?
111
What is the highest common divisor of 22 and 1166?
22
What is the highest common factor of 9251 and 33?
11
Calculate the highest common factor of 70 and 14.
14
What is the greatest common divisor of 156 and 1236?
12
Calculate the greatest common factor of 62 and 1054.
62
What is the highest common factor of 1645 and 875?
35
Calculate the highest common divisor of 75 and 39.
3
Calculate the highest common divisor of 32 and 576.
32
What is the greatest common divisor of 208 and 299?
13
What is the greatest common factor of 273 and 84?
21
What is the highest common divisor of 492 and 48?
12
What is the highest common factor of 62643 and 19?
19
Calculate the highest common factor of 10212 and 690.
138
What is the highest common divisor of 805 and 483?
161
What is the greatest common divisor of 1339 and 103?
103
What is the greatest common factor of 102 and 374?
34
Calculate the highest common factor of 1394 and 68.
34
Calculate the highest common factor of 10094 and 98.
98
Calculate the greatest common factor of 6588 and 108.
108
Calculate the greatest common factor of 41 and 1271.
41
What is the highest common factor of 110 and 90?
10
What is the highest common factor of 261 and 747?
9
What is the highest common divisor of 799 and 221?
17
What is the greatest common factor of 6331 and 39?
13
What is the greatest common divisor of 75 and 30?
15
Calculate the highest common divisor of 338 and 6500.
26
What is the greatest common divisor of 15 and 9255?
15
Calculate the highest common divisor of 86360 and 127.
127
Calculate the highest common divisor of 480 and 440.
40
Calculate the greatest common factor of 288 and 704.
32
Calculate the greatest common divisor of 101547 and 27.
27
Calculate the highest common factor of 255 and 340.
85
What is the greatest common divisor of 35 and 665?
35
Calculate the greatest common divisor of 39 and 871.
13
Calculate the greatest common divisor of 25 and 60.
5
What is the highest common factor of 32 and 200?
8
What is the highest common divisor of 25 and 1175?
25
What is the greatest common factor of 12126 and 329?
47
What is the greatest common factor of 6 and 87?
3
What is the greatest common divisor of 13 and 18187?
13
What is the greatest common divisor of 50 and 21050?
50
What is the greatest common factor of 458 and 4?
2
Calculate the highest common factor of 9512 and 1804.
164
Calculate the greatest common factor of 24 and 1032.
24
Calculate the greatest common divisor of 10452 and 6.
6
What is the greatest common divisor of 54365 and 415?
415
Calculate the highest common factor of 6504 and 48.
24
What is the highest common divisor of 410 and 20?
10
What is the highest common divisor of 4292 and 333?
37
What is the highest common divisor of 1050 and 56?
14
What is the highest common factor of 390 and 4992?
78
What is the highest common divisor of 12525 and 75?
75
Calculate the highest common divisor of 2107 and 4515.
301
What is the highest common factor of 657 and 9?
9
What is the greatest common factor of 96 and 3936?
96
What is the greatest common 